196 is divided by 8278?
8272
Calculate the remainder when 559614 is divided by 122.
0
What is the remainder when 50718 is divided by 50545?
173
What is the remainder when 38151 is divided by 596?
7
Calculate the remainder when 2348077 is divided by 56.
53
What is the remainder when 3338833 is divided by 208?
17
Calculate the remainder when 26533 is divided by 1152.
37
What is the remainder when 5504191 is divided by 43684?
7
Calculate the remainder when 471566 is divided by 93569.
3721
What is the remainder when 2769767 is divided by 95?
42
What is the remainder when 67376 is divided by 1116?
416
Calculate the remainder when 1909068 is divided by 3664.
124
What is the remainder when 209458 is divided by 1?
0
What is the remainder when 5577269 is divided by 1115452?
9
Calculate the remainder when 1480456 is divided by 2155.
2126
What is the remainder when 950535 is divided by 519?
246
Calculate the remainder when 3307285 is divided by 413360.
405
What is the remainder when 2932347 is divided by 127491?
54
What is the remainder when 227829 is divided by 113837?
155
What is the remainder when 8640837 is divided by 16649?
6
What is the remainder when 261003 is divided by 15345?
138
Calculate the remainder when 27684 is divided by 1000.
684
Calculate the remainder when 107101049 is divided by 2.
1
Calculate the remainder when 55348 is divided by 4892.
1536
Calculate the remainder when 42898 is divided by 1189.
94
Calculate the remainder when 549707 is divided by 4778.
237
Calculate the remainder when 1657571 is divided by 474.
467
Calculate the remainder when 178757 is divided by 112.
5
What is the remainder when 615747 is divided by 1205?
1197
What is the remainder when 3532791 is divided by 2747?
149
What is the remainder when 3221530 is divided by 134229?
34
Calculate the remainder when 3001970 is divided by 1500958.
54
Calculate the remainder when 1561427 is divided by 390353.
15
What is the remainder when 10910090 is divided by 474351?
17
What is the remainder when 2799691 is divided by 204?
199
Calculate the remainder when 4593355 is divided by 7045.
15
What is the remainder when 7117321 is divided by 619?
59
What is the remainder when 5262 is divided by 3144?
2118
What is the remainder when 72013 is divided by 91?
32
Calculate the remainder when 43104291 is divided by 32754.
27
Calculate the remainder when 173032 is divided by 6774.
3682
What is the remainder when 216160 is divided by 52434?
6424
Calculate the remainder when 687285 is divided by 68.
9
What is the remainder when 619612 is divided by 102456?
4876
What is the remainder when 23959044 is divided by 392?
4
What is the remainder when 5814 is divided by 5384?
430
Calculate the remainder when 12422847 is divided by 2484566.
17
What is the remainder when 172839858 is divided by 10?
8
Calculate the remainder when 217401 is divided by 2444.
2329
Calculate the remainder when 2653931 is divided by 608.
11
Calculate the remainder when 318330563 is divided by 79582635.
23
Calculate the remainder when 284734 is divided by 94297.
1843
Calculate the remainder when 31668 is divided by 1924.
884
Calculate the remainder when 21820622 is divided by 10665.
32
What is the remainder when 148931 is divided by 2040?
11
Calculate the remainder when 302558 is divided by 147556.
7446
Calculate the remainder when 2475283 is divided by 62.
57
What is the remainder when 24181 is divided by 485?
416
What is the remainder when 2406072 is divided by 2538?
48
What is the remainder when 211421 is divided by 3772?
189
What is the remainder when 2262306 is divided by 251366?
12
What is the remainder when 320305 is divided by 45735?
160
What is the remainder when 5416715 is divided by 227?
41
Calculate the remainder when 363058 is divided by 90762.
10
What is the remainder when 166823 is divided by 27484?
1919
What is the remainder when 815903 is divided by 165?
143
What is the remainder when 4083003 is divided by 925?
53
Calculate the remainder when 37579070 is divided by 1342109.
18
What is the remainder when 4131391 is divided by 155?
21
What is the remainder when 785823 is divided by 2220?
2163
Calculate the remainder when 1582054 is divided by 54553.
17
What is the remainder when 5728390 is divided by 424?
150
Calculate the remainder when 1206889 is divided by 5202.
25
Calculate the remainder when 17261509 is divided by 830.
829
What is the remainder when 286813 is divided by 204?
193
What is the remainder when 137281 is divided by 34082?
953
What is the remainder when 36142846 is divided by 3456?
3454
Calculate the remainder when 4049986 is divided by 470.
466
What is the remainder when 87818 is divided by 29265?
23
Calculate the remainder when 17653980 is divided by 19.
16
Calculate the remainder when 18902613 is divided by 14.
9
What is the remainder when 7786637 is divided by 15238?
19
What is the remainder when 374508 is divided by 17016?
156
What is the remainder when 522360 is divided by 5067?
459
Calculate the remainder when 196000 is divided by 195022.
978
What is the remainder when 52209032 is divided by 162?
158
What is the remainder when 786910 is divided by 131150?
10
What is the remainder when 1643916 is divided by 149443?
43
Calculate the remainder when 75222 is divided by 4131.
864
Calculate the remainder when 27335 is divided by 2268.
119
What is the remainder when 125181 is divided by 31186?
437
What is the remainder when 199969 is divided by 1619?
832
Calculate the remainder when 69879769 is divided by 54.
43
Calculate the remainder when 73294744 is divided by 23.
0
Calculate the remainder when 210664025 is divided by 213.
209
What is the remainder when 289409723 is divided by 918761?
8
What is the remainder when 359165 is divided by 357679?
1486
Calculate the remainder when 152748 is divided by 1497.
54
Calculate the remainder when 5524050 is divided by 4302.
282
What is the remainder when 73158 is divided by 145?
78
Calculate the remainder when 38928 is divided by 1040.
448
Calculate the remainder when 47762 is divided by 23502.
758
What is the remainder when 528213 is divided by 365?
58
Calculate the remainder when 259886 is divided by 5518.
540
What is the remainder when 1692184 is divided by 456?
424
Calculate the remainder when 736634474 is divided by 4575.
4574
Calculate the remainder when 19659315 is divided by 407.
401
Calculate the remainder when 197891 is divided by 1113.
890
Calculate the remainder when 884585 is divided by 884539.
46
What is the remainder when 292420 is divided by 17191?
173
What is the remainder when 3366482 is divided by 27822?
20
Calculate the remainder when 4912560 is divided by 2456242.
76
What is the remainder when 270696 is divided by 2134?
1812
What is the remainder when 702183 is divided by 1656?
39
Calculate the remainder when 964759 is divided by 192951.
4
What is the remainder when 83553 is divided by 10111?
2665
What is the remainder when 130689 is divided by 1694?
251
Calculate the remainder when 664156070 is divided by 1451.
1448
What is the remainder when 2975495 is divided by 1643?
22
Calculate the remainder when 2608121 is divided by 1018.
5
Calculate the remainder when 218030 is divided by 4026.
626
Calculate the remainder when 54257 is divided by 18052.
101
Calculate the remainder when 5361461 is divided by 19.
3
Calculate the remainder when 5403458 is divided by 10595.
8
Calculate the remainder when 787045 is divided by 262192.
469
Calculate the remainder when 426453 is divided by 2437.
2415
Calculate the remainder when 9867121 is divided by 1256.
1241
Calculate the remainder when 1099314 is divided by 7478.
48
Calculate the remainder when 11530614 is divided by 3843538.
0
Calculate the remainder when 1248566 is divided by 35671.
81
Calculate the remainder when 73064 is divided by 61912.
11152
Calculate the remainder when 346677 is divided by 1547.
149
Calculate the remainder when 6308641 is divided by 33.
31
Calculate the remainder when 1640620 is divided by 122.
86
Calculate the remainder when 34882683 is divided by 557.
1
What is the remainder when 71182839 is divided by 20?
19
What is the remainder when 2537268140 is divided by 1291?
1290
What is the remainder when 525072 is divided by 87492?
120
Calculate the remainder when 16038252